h + (-2)/(-6)). What is the highest common divisor of j and 130?
10
Let u = -90 + 103. Suppose -3*q = -5*i + 454, -2*q - 184 = -i - i. Let v be (i + 2)*1/1. Calculate the greatest common divisor of u and v.
13
Let g(l) = 4*l**2 - 187*l + 3213. Let p be g(19). Calculate the highest common divisor of 84 and p.
12
Let w = -13773 + 14448. Calculate the greatest common divisor of 495 and w.
45
Suppose 0 = 45*o + 8*o - 8508 - 3152. What is the highest common divisor of o and 380?
20
Let g(d) = -230*d + 282. Let p be g(-1). Calculate the greatest common divisor of 4 and p.
4
Suppose m + 12 = -4*p, -2*m + 15 = 2*p - 7*p. Let z be (m/1)/4 + 3. Let r(b) = -2*b**2 + 10*b. Let v be r(z). What is the greatest common divisor of v and 132?
12
Let c = -263 + 268. Let d be 16 - c - (-4)/(4/(-3)). What is the greatest common divisor of d and 4?
4
Suppose -569*p = -213081 + 48640. Let h be (-2 - -20) + 1/(-1). What is the highest common factor of h and p?
17
Suppose 4*u = -2*w + 290, 2*w - 2*u = 474 - 160. Calculate the greatest common factor of 867 and w.
51
Let x(s) = s**2 + 51*s - 110. Let l be x(-54). Let v be 8*(-1)/6*3. Let a be 104/(v + 9/2). Calculate the greatest common factor of l and a.
52
Let g(i) = 235*i + 234. Let f be g(-4). Let j be -3 - (2 + -2) - (f + -1). What is the highest common factor of 44 and j?
44
Suppose 9014 = -202*b + 204*b + 4*y, 3*y = -5*b + 22549. Calculate the highest common factor of b and 39.
13
Let k be (-4)/(-10) - 4304/(-40). Let u = k - 103. What is the greatest common divisor of u and 45?
5
Let m = 498 - 273. Let q(p) = p**3 - 7*p**2 + 5*p - 26. Let f be q(7). What is the greatest common divisor of f and m?
9
Let o = 1623 - 1540. What is the greatest common factor of 249 and o?
83
Let a = -746 - -980. What is the highest common divisor of 663 and a?
39
Let z(w) = 7*w - 31. Suppose 0 = -v + 3*p + 69, -2*p + 46 + 28 = v. Suppose -19*m + 7*m + v = 0. Let a be z(m). What is the highest common factor of a and 44?
11
Suppose -2*r = 9 + 9. Let q be (-2)/(-4) + r/((-126)/413). Suppose -2*i = -q - 98. What is the highest common divisor of i and 16?
16
Let j = 543 - 179. What is the highest common factor of j and 56?
28
Suppose -5*w - 31 = -6. Let a(t) = -126*t - 135*t - 114*t + 343*t - 8. Let y be a(w). Calculate the highest common divisor of 19 and y.
19
Suppose 6*m - 4*q - 78 - 3832 = 0, -3*q = 2*m - 1286. Calculate the greatest common divisor of 33 and m.
11
Let c be 3 + -2 - (-30)/(-10). Let d be (-3055)/(-26) - 3/c. Let r = 182 + -175. What is the highest common factor of d and r?
7
Suppose 83*o + 4*b - 2279 = 78*o, 0 = 3*o - 2*b - 1385. What is the highest common factor of o and 486?
27
Let s(a) = a**2 + 6*a + 225. Let d be s(-15). Let c be -1*(2 - 1) + (49 - 8). What is the highest common factor of d and c?
40
Let d be 76 - (0 + -1 + 2). Let g(t) = t**2 - 8*t - 3. Let p be g(8). Let k = p + d. Calculate the highest common divisor of k and 9.
9
Let h = -97 + 115. Suppose -2*b + 8 - 2 = 0. Suppose 0*m + b = -m, -3*k + 4*m = -66. What is the highest common factor of h and k?
18
Let c be (1461/2)/(3/6). Suppose -c = -16*n - 69. Calculate the greatest common factor of n and 116.
29
Suppose 5*u - 461 = -2*m, 75*u - m = 71*u + 387. What is the highest common factor of 2717 and u?
19
Let y be (-12)/3 + (2 - 0). Let f be ((-1)/(-3)*y)/((-26)/897). Let s = 57 - f. Calculate the highest common divisor of s and 170.
34
Suppose 2*m - 4*k = 4, -15*m + 10*m = 3*k - 75. Suppose 4*z + 64 = 2*x + m, z + 76 = 4*x. Calculate the greatest common factor of x and 423.
9
Let c(x) = 204*x - 31. Let i be c(19). Calculate the greatest common divisor of 5 and i.
5
Suppose 65 = -23*u + 272. Calculate the highest common divisor of u and 49.
1
Suppose 2*b + 1469 - 444 = 3*i, 2*i + 2*b = 690. Let v = i - 188. Let f be (v/15 - (-2)/(-2))*6. Calculate the highest common factor of f and 16.
8
Let q(i) = -52*i + 2899. Let g be q(-45). What is the greatest common divisor of 155 and g?
31
Suppose -9*t + 7*t = -444. Let w = -144 + t. Calculate the highest common factor of 12 and w.
6
Let t(m) = -m**3 + 41*m**2 - 89*m - 37. Let u be t(3). What is the greatest common factor of 36 and u?
2
Suppose -4*k + 24 = 0, 4*n + 81*k - 79*k = 5452. What is the highest common divisor of n and 560?
80
Let a be (0 - -1 - 2)*377. Let i = -246 - a. Suppose -s + 9 = -i. Calculate the highest common divisor of s and 56.
28
Let a(z) = 2*z**2. Let o be a(1). Suppose -540*r + 537*r + 9 = 3*i, 4 = -2*r + 3*i. Calculate the greatest common divisor of o and r.
1
Suppose 152*y - 148 = -u + 156*y, 3*u - y - 499 = 0. Calculate the greatest common divisor of u and 15540.
84
Suppose -5*v = -25, 7 = u + 2*v - 5. Suppose -2*g + 2*w = -4*g + 138, 0 = u*g - 3*w - 143. What is the highest common divisor of g and 105?
35
Suppose -7*o + 53 = 18. Suppose -2*u + 61 = -3*y, -3*u + o*y + 6 + 83 = 0. What is the highest common factor of 190 and u?
38
Let g be (29/(-58))/(-1 + 18/16). Let t be (1 + (-152)/12)/(g/12). Let i be (-5)/(3 + 12/(-3)). What is the highest common factor of i and t?
5
Let q be -7 - (-824)/120 - (-47)/15. Let a be (-63*11/(-132))/(q/8). Calculate the greatest common factor of 112 and a.
14
Suppose 4*t + f - 22861 = 0, -t + 1346 = -5*f - 4364. What is the greatest common divisor of 127 and t?
127
Let j(v) = -31*v - 22. Suppose -95 = 7*h - 25. Let d be j(h). Calculate the greatest common factor of d and 36.
36
Let x(s) = -49*s + 48. Let l be x(-23). Suppose -5*a - 3*j + 1762 = 0, -5*a + 2*j = -l - 567. Calculate the greatest common factor of 70 and a.
70
Let i = 550 + -864. Let v = i - -386. Calculate the highest common divisor of v and 126.
18
Let o(f) = -f**3 - 12*f**2 + 5*f**3 - 2*f - 36 + 14 - 5*f**3. Let m be o(-12). What is the greatest common factor of m and 9?
1
Let b(k) = -k**2 + 23*k - 28. Let q be b(15). Let j be ((-2783)/q)/((-9)/4 + 2). Calculate the greatest common divisor of j and 11.
11
Suppose 0 = -23*s + 30*s + 140. Let c be ((-63)/(-6))/((-5)/s). Calculate the highest common divisor of 21 and c.
21
Let h(k) = -k**3 + 8*k**2 + 10*k - 7. Let c be h(9). Suppose -4*v - 13 + 238 = 5*a, c*v - 4*a - 132 = 0. Calculate the greatest common factor of v and 24.
12
Suppose 18*c = 22*c - 4*i + 376, -c - i - 84 = 0. Let y = c + 95. Let t be (-2 - -1)/(1/(-18)). What is the highest common factor of y and t?
6
Suppose 5*i + 5030 = 407*w - 401*w, 2*w = 3*i + 1666. What is the highest common divisor of w and 130?
65
Let n(w) = w**3 + 2*w - 1. Let l be n(2). Let h = 1233 - 936. Calculate the highest common factor of l and h.
11
Let d be ((-50)/(-30) + 4)*324. What is the greatest common divisor of d and 1564?
68
Let l(r) = -2*r**3 + 3*r**2 + 13*r + 7. Let f be l(-2). Suppose -45 = -22*h + 21*h. Let a = -27 + h. What is the highest common factor of f and a?
9
Let t(f) = -97*f + 3471. Let y be t(27). Calculate the highest common factor of 228 and y.
12
Let z(h) = -h**2 + 21. Let g = 50 - 54. Let j be z(g). Suppose -52 - 38 = -j*o. What is the highest common factor of 6 and o?
6
Let g = -37143 - -37290. Let l = -60 + 105. Let m = 66 - l. What is the greatest common factor of g and m?
21
Let x = 18688 - 18358. What is the greatest common factor of x and 1617?
33
Let s be (0 + (-516)/15)/(1/(-30)). Calculate the highest common divisor of s and 16.
8
Let f be 0 - 0 - (2 + 3). Let q be (390/(-12))/13*2*f. What is the highest common factor of 5 and q?
5
Let s = -107656 + 107771. Let n = -148 - -217. Calculate the highest common divisor of n and s.
23
Let m = -758 - 218. Let v = -836 - m. Suppose 5*q - 3*q = 70. Calculate the highest common divisor of v and q.
35
Let y(p) = -142*p**3 - p**2 + 218*p + 219. Let b be y(-1). Calculate the greatest common factor of b and 17182.
142
Let v(z) = 2*z**2 - 6*z + 2. Let s be v(4). Suppose -326 + 4449 = 19*b - 1007. What is the greatest common divisor of b and s?
10
Suppose 2*m - 2*o + 34 = 64, 2*m + 5*o = -19. What is the greatest common factor of 519 and m?
1
Suppose 2068532 - 188324 = 103*i - 15*i. Calculate the highest common factor of 18 and i.
18
Let l be 0 - ((0/(-5) - 5) + 3). Suppose 0 = -y + 5*v - 2*v + 1, -l*v = -10. Calculate the highest common divisor of y and 4.
4
Suppose -5*b + 5*w = -6640, b - w = -3*w + 1319. Suppose 3*k = 8*k - b. Ca